91
What are the prime factors of 21047476?
2, 5261869
What are the prime factors of 2514771?
3, 7, 179, 223
List the prime factors of 10545609.
3, 3515203
What are the prime factors of 2905454?
2, 1452727
What are the prime factors of 4582144?
2, 7, 2557
What are the prime factors of 667758?
2, 3, 7, 13, 1223
List the prime factors of 10871594.
2, 23, 236339
What are the prime factors of 3024155?
5, 23, 26297
List the prime factors of 332889.
3, 37, 2999
What are the prime factors of 296989?
7, 11, 19, 29
List the prime factors of 17266642.
2, 37, 353, 661
List the prime factors of 5064326.
2, 139, 18217
What are the prime factors of 1162692?
2, 3, 32297
List the prime factors of 1527342.
2, 3, 254557
What are the prime factors of 891715?
5, 11, 31, 523
What are the prime factors of 553154?
2, 7, 39511
What are the prime factors of 7720382?
2, 41, 94151
List the prime factors of 175173.
3, 58391
List the prime factors of 13006244.
2, 79, 521
What are the prime factors of 2525879?
19, 37, 3593
What are the prime factors of 3508187?
67, 52361
List the prime factors of 1855851.
3, 127, 4871
What are the prime factors of 1821436?
2, 31, 37, 397
What are the prime factors of 11198493?
3, 23, 6011
List the prime factors of 2932549.
107, 27407
What are the prime factors of 788004?
2, 3, 7, 53, 59
What are the prime factors of 626363?
626363
List the prime factors of 1428479.
13, 109883
What are the prime factors of 56813?
56813
List the prime factors of 479518.
2, 13, 18443
List the prime factors of 2152516.
2, 31, 17359
List the prime factors of 2706459.
3, 7, 128879
What are the prime factors of 1118362?
2, 7, 17, 37, 127
List the prime factors of 73671.
3, 13, 1889
List the prime factors of 60453.
3, 2239
What are the prime factors of 1190655?
3, 5, 26459
List the prime factors of 92653.
11, 8423
What are the prime factors of 4927345?
5, 109, 9041
What are the prime factors of 176673?
3, 7, 47, 179
List the prime factors of 10562304.
2, 3, 17, 809
What are the prime factors of 1540831?
1540831
What are the prime factors of 371778?
2, 3, 11, 43, 131
What are the prime factors of 157402?
2, 7, 11243
List the prime factors of 338142.
2, 3, 7, 83, 97
What are the prime factors of 12415642?
2, 6207821
What are the prime factors of 32436090?
2, 3, 5, 73, 4937
List the prime factors of 172019.
31, 179
List the prime factors of 545668.
2, 136417
List the prime factors of 141979.
23, 6173
What are the prime factors of 1624001?
103, 15767
What are the prime factors of 10175111?
37, 275003
What are the prime factors of 9408160?
2, 5, 127, 463
What are the prime factors of 1576961?
277, 5693
What are the prime factors of 162326?
2, 81163
List the prime factors of 2164608.
2, 3, 1879
What are the prime factors of 2062734?
2, 3, 127, 2707
What are the prime factors of 1402195?
5, 23, 89, 137
List the prime factors of 998621.
13, 19, 311
What are the prime factors of 251390?
2, 5, 23, 1093
What are the prime factors of 2068979?
11, 17099
List the prime factors of 3367793.
11, 13, 2141
What are the prime factors of 15128661?
3, 5042887
What are the prime factors of 6062194?
2, 233, 13009
List the prime factors of 5000900.
2, 5, 43, 1163
What are the prime factors of 12195820?
2, 5, 7, 13, 6701
List the prime factors of 587228.
2, 146807
List the prime factors of 592591.
19, 31189
List the prime factors of 3850235.
5, 770047
What are the prime factors of 1127607?
3, 13, 29, 997
What are the prime factors of 413569?
13, 29, 1097
List the prime factors of 2303401.
953, 2417
List the prime factors of 5097006.
2, 3, 73, 431
List the prime factors of 5941992.
2, 3, 7, 113, 313
List the prime factors of 3274793.
41, 79873
What are the prime factors of 117081?
3, 13009
What are the prime factors of 190495?
5, 31, 1229
List the prime factors of 1257785.
5, 107, 2351
List the prime factors of 167079.
3, 11, 61, 83
List the prime factors of 1376929.
1376929
What are the prime factors of 4071771?
3, 11, 3739
What are the prime factors of 812150?
2, 5, 37, 439
List the prime factors of 7345843.
223, 32941
What are the prime factors of 128791?
13, 9907
What are the prime factors of 453559?
453559
What are the prime factors of 141949?
19, 31, 241
What are the prime factors of 661790?
2, 5, 66179
List the prime factors of 542560.
2, 5, 3391
What are the prime factors of 1080142?
2, 7, 77153
List the prime factors of 309597.
3, 31, 3329
What are the prime factors of 114170?
2, 5, 7, 233
What are the prime factors of 1013031?
3, 112559
What are the prime factors of 628767?
3, 19, 3677
List the prime factors of 73705.
5, 14741
What are the prime factors of 3690364?
2, 31, 29761
What are the prime factors of 1160596?
2, 19, 15271
List the prime factors of 10988913.
3, 13, 281767
List the prime factors of 35788.
2, 23, 389
List the prime factors of 174127.
31, 41, 137
List the prime factors of 4289207.
13, 43, 7673
List the prime factors of 2244186.
2, 3, 7, 1979
List the prime factors of 159845.
5, 7, 4567
List the prime factors of 828073.
71, 107, 109
What are the prime factors of 2828748?
2, 3, 13, 18133
What are the prime factors of 332202?
2, 3, 13, 4259
List the prime factors of 208983.
3, 69661
What are the prime factors of 1230592?
2, 11, 19, 23
What are the prime factors of 8378495?
5, 1109, 1511
List the prime factors of 3295710.
2, 3, 5, 11, 3329
List the prime factors of 1788173.
31, 37, 1559
List the prime factors of 393857.
393857
What are the prime factors of 34273?
34273
List the prime factors of 735994.
2, 7, 52571
List the prime factors of 2553306.
2, 3, 7, 60793
List the prime factors of 898101.
3, 29, 31, 37
List the prime factors of 140689.
140689
List the prime factors of 7181325.
3, 5, 10639
List the prime factors of 776685.
3, 5, 7, 13, 569
List the prime factors of 1560424.
2, 195053
What are the prime factors of 306806?
2, 179, 857
List the prime factors of 567714.
2, 3, 7, 1931
List the prime factors of 5349538.
2, 337, 7937
What are the prime factors of 1701892?
2, 425473
List the prime factors of 2121138.
2, 3, 117841
List the prime factors of 693056.
2, 7, 13, 17
List the prime factors of 2312062.
2, 1156031
List the prime factors of 572247.
3, 13, 67, 73
List the prime factors of 8001818.
2, 11, 363719
List the prime factors of 605121.
3, 11, 1667
What are the prime factors of 231288?
2, 3, 23, 419
What are the prime factors of 5570991?
3, 23, 8971
List the prime factors of 879728.
2, 54983
What are the prime factors of 1048301?
113, 9277
What are the prime factors of 601020?
2, 3, 5, 7, 53
List the prime factors of 224085.
3, 5, 14939
What are the prime factors of 867?
3, 17
What are the prime factors of 7636595?
5, 577, 2647
List the prime factors of 427770.
2, 3, 5, 7, 97
What are the prime factors of 1357316?
2, 29, 11701
What are the prime factors of 4890059?
449, 10891
List the prime factors of 18327925.
5, 7, 11, 9521
What are the prime factors of 2333171?
277, 8423
List the prime factors of 2495712.
2, 3, 25997
List the prime factors of 231674.
2, 115837
List the prime factors of 2971.
2971
What are the prime factors of 8546931?
3, 79, 4007
What are the prime factors of 1694876?
2, 19, 29, 769
What are the prime factors of 62778?
2, 3, 10463
What are the prime factors of 18991735?
5, 7, 19, 28559
List the prime factors of 847260.
2, 3, 5, 523
List the prime factors of 2537930.
2, 5, 17, 14929
What are the prime factors of 18237378?
2, 3, 19, 159977
List the prime factors of 147298.
2, 47, 1567
What are the prime factors of 1043144?
2, 83, 1571
List the prime factors of 46034.
2, 23017
List the prime factors of 1621192.
2, 37, 5477
What are the prime factors of 558004?
2, 139501
List the prime factors of 1473217.
89, 16553
What are the prime factors of 32871705?
3, 5, 89, 24623
What are the prime factors of 737917?
61, 12097
List the prime factors of 209290.
2, 5, 20929
What are the prime factors of 220307?
220307
List the prime factors of 684183.
3, 228061
What are the prime factors of 1494840?
2, 3, 5, 12457
What are the prime factors of 337636?
2, 13, 43, 151
What are the prime factors of 85513?
85513
What are the prime factors of 268560?
2, 3, 5, 373
What are the prime factors of 29392659?
3, 1088617
What are the prime factors of 1065054